- 9. Let g = 569 - 575. Calculate v(g).
-15
Let u(k) = -k**2 - 39*k - 104. Let m be u(-36). Suppose 24 + 12 = -4*a. Let x be m - (1 + a/(-3)). Let j(r) = -r**2 + 7. Calculate j(x).
7
Let r(m) = 36*m + 6*m**3 - 1 + 3*m**2 - 2*m**2 + 27*m - 62*m. Let a be r(1). Let n(i) = i**3 - 6*i**2 - 6*i - 6. Give n(a).
1
Let f be (-5 + (-70)/(-5))/(-1). Let m(t) = -10 - 2*t - 3 + 0*t. Give m(f).
5
Let t be (-3)/(1*(5 - 6) + 0). Let h(a) = 4*a**2 - 5*a + 6. What is h(t)?
27
Let w(p) = 54*p**2 - 103*p**2 + 52*p**2 - 4 - 28*p + 16. Determine w(9).
3
Let t(a) = -14*a**2 - a + 1. Suppose -12 + 0 = 2*r. Let b(h) = -h**2 - 6*h + 1. Let k be b(r). What is t(k)?
-14
Let b(v) = -2 - 2*v + 0 + 1. Suppose -2*j - 29 + 3 = 5*i, 3*i = 4*j. Determine b(i).
7
Let j(l) = l**3 + 5*l**2 - l + 24. Suppose -2*u + 6 = 0, -21 - 15 = 5*i - 2*u. What is j(i)?
-6
Let g(v) = 10 - 4 + 8*v - 6 + 3 + 0 - v**2. Calculate g(10).
-17
Suppose -3*f - 3*f = -6. Let w(z) = z**2 - z + 1. Let q(c) = c**3 - 3*c**2 + c + 13. Let u(b) = f*q(b) - 6*w(b). Determine u(8).
-1
Suppose 2*c - 5 = 15. Let l = c - 10. Let g(n) = 1 - 5*n**3 - n + l*n**3 - n + 2*n**2 - 2*n**3. Give g(1).
-6
Let v(r) be the third derivative of r**5/60 + 5*r**4/8 + r**3/3 - 59*r**2. Calculate v(-15).
2
Let g(c) = c**3 + c**2 + 4*c - 28. Let h(a) = -a**3 - 4*a + 23. Let t(l) = -4*g(l) - 5*h(l). What is t(2)?
-3
Let z be (-3 - 39/(-15)) + 90/(-25). Let x(l) be the third derivative of -l**6/120 - l**5/30 + l**4/8 - l**3/2 - 3*l**2. What is x(z)?
17
Let j(u) = -u**3 + 5*u**2 + 4*u + 8. Let k = 23 - 19. Suppose 0 = -w - k + 10. Calculate j(w).
-4
Let t(r) = r**3 + 18*r**2 + 19*r + 21. Let z be t(-17). Let y(g) = g**2 + 11*g - 24. Determine y(z).
2
Let k(o) = o**2 - 3*o + 3. Let h(r) = r**3 - 6*r**2 + r - 3. Let d be h(6). Let l(a) = d - 2*a + 2 - 2 + a**2 - 7. Let z be l(4). Calculate k(z).
7
Let i(m) = 2*m + 3*m**2 - 13*m**2 + 4*m**2 - 2 + 7*m**2. Determine i(-3).
1
Let u(a) = a - 50 + 13 + 8 + 10 + 12. Let s(b) = b**2 + 6*b + 5. Let r be s(-6). Suppose r*g + 18 = 43. What is u(g)?
-2
Let j(n) = n**3 - 2*n**2 - 7*n + 5. Suppose 23 - 39 = -4*s. Let y be ((-6)/s)/(30/(-80)). Determine j(y).
9
Let n(q) be the second derivative of -q**4/12 - 2*q**3 - 3*q**2 - 89*q. What is n(-9)?
21
Suppose -2*g - 14*a = -19*a - 31, g - 11 = -2*a. Let m(r) = r**3 - 13*r**2 + 2*r - 25. Give m(g).
1
Let a be 12 + -3 + -3 + (-11 - 1). Let x(l) = 7*l + 7. Calculate x(a).
-35
Let y(m) = -20*m**3 + m**2 + m. Let i = -373 + 372. What is y(i)?
20
Let b = 27 + -23. Suppose 1 = -5*y + b*y. Let u(l) be the second derivative of l**5/10 + l**4/12 - l**3/6 - l**2/2 - l. Give u(y).
-1
Let g(i) = -i**2 + 11*i - 9. Let z be g(11). Let t(h) = h**3 + 9*h**2 + h + 13. Let n be t(z). Let v(c) = -3 - 2*c - c - 2 + n. Calculate v(3).
-10
Suppose 5*a + t + 54 = 226, 4*a + 5*t = 125. Let c(p) = a*p - 16*p - 18*p. Determine c(-4).
-4
Suppose 0*c - 16 = 4*c. Let n be 1/c*0/(-11). Let v(k) = k**2 - k - 8. What is v(n)?
-8
Let l(q) = 8*q + 6*q**2 - 6*q - 9 - 12*q - 7*q**2. Let y = -26 - -18. What is l(y)?
7
Let z(l) be the second derivative of l**5/60 - l**4/24 - 8*l**2 - 6*l. Let w(f) be the first derivative of z(f). What is w(-2)?
6
Let i(m) be the third derivative of m**4/8 - 2*m**2. Let p(r) = -18*r + 5 + 20*r - 2 - 1. Let x be p(-2). Give i(x).
-6
Suppose 13*n = 8*n + 15. Let p(a) = a**3 + 198 + 3*a + 0*a**n + 5*a**2 - 199. Give p(-4).
3
Suppose 4*r - 3*s = -r - 32, -4*r - 25 = -3*s. Let i(n) = n**3 + 6*n**2 - 6*n - 12. Let h(j) = j - 1. Let w(d) = 4*h(d) - i(d). Calculate w(r).
-13
Let o(p) = p**2 - p + 1. Let m(w) = w**3 + 2*w**2 - 3*w - 16. Let l(i) = m(i) - 2*o(i). Calculate l(0).
-18
Suppose -2*r - 2*r - 8 = 0. Let u(b) = b**3 + 2*b**2 + b + 1. Let p(x) = 3*x**3 + 9*x**2 + 6*x + 7. Let f(g) = -p(g) + 5*u(g). Determine f(r).
-12
Let u be (-3)/(-12) - 143/(-52). Suppose -p + 4 = 2. Let o(z) = -u + 6 + 5*z + z**p - 6*z. Give o(0).
3
Let j = -279 - -284. Let l(a) = a**2 - 6. What is l(j)?
19
Let j(b) = b**3 - b**2 + 4*b - 3. Suppose 6*k - 8 = 5*k. Let v(a) = -a**3 + 7*a**2 + 8*a + 3. Let l be v(k). Suppose l*c - 4 = c. What is j(c)?
9
Suppose -5*b = 3*v + 14, 4*b + 12 = -v - v. Let f(r) = 82*r**2 + 2 + 83*r**2 + 4*r - 164*r**v. Determine f(-3).
-1
Let b(r) = -r**2 - 9*r - 8. Let c be (-17 + -1)*(-13)/26. Suppose -c - 3 = 2*u. Determine b(u).
10
Let f(s) = -s**2 - 2*s - 4. Let y(k) = 2*k - 2. Let p be y(3). Let i = p + -4. Let q be f(i). Let j(u) = u**3 + 3*u**2 - 5*u - 3. Calculate j(q).
1
Let y(j) = j**3 + 33*j**2 + 31*j - 26. Let k be y(-32). Let n(d) = d**2 - 7*d - 8. Give n(k).
-14
Let w be (-27)/(-3) + (-4 - -1). Suppose -w = o - 4*a + 1, o + 5*a = 38. Let p = o + -16. Let n(j) = j**2 + 5*j + 2. Determine n(p).
-4
Let h = 4 + -1. Suppose -5*y + h*y = 8. Let r(p) be the third derivative of p**5/60 + p**4/12 - p**3/3 + 11*p**2. What is r(y)?
6
Let o(b) = 4*b + 75. Let c(a) = -42*a - 862. Let m be c(-20). Calculate o(m).
-13
Let s(p) = -p**3 + 7*p**2 + 5. Suppose -3*z - 4*b + 5*b - 15 = 0, 5*z + 4*b = -8. Let x(g) = 2*g**2 + 8*g + 7. Let k be x(z). Calculate s(k).
5
Let u(y) = 7*y**3 + 3*y**2 + 9*y + 6. Let d(q) = -q**3 - q**2 - q - 1. Let g(n) = -6*d(n) - u(n). What is g(3)?
-9
Let k(n) be the first derivative of -n**2 - 3*n - 231. Give k(-5).
7
Let w(a) be the third derivative of -a**5/60 - a**4/24 + a**3/2 + 17*a**2. Give w(-6).
-27
Let g(u) = -u**2 - u - 1. Let r(c) = c**3 + 2*c**2 - 12*c + 23. Let i(v) = -6*g(v) + r(v). Calculate i(-9).
2
Let t(m) = 2*m + 4. Let r(s) = -s**3 + 8*s**2 - 2*s + 20. Let w be r(8). Suppose 5*n = 4*n - w. What is t(n)?
-4
Let b be 2 + 3 - (1 + -2). Suppose -b = -p - 2*p. Let q(g) = -g**p - 3 + 2*g + 4 + 4. Calculate q(4).
-3
Suppose 0 = 4*u - q - 7, -q = -6*u + u + 9. Let s(g) = -1 + 6*g**2 - 8*g**2 - g**2 + u*g. Give s(2).
-9
Let l be (-225)/(-216) + (4 - 5). Let q(t) be the third derivative of 0*t + 0 - l*t**4 - 2*t**2 - 5/3*t**3. What is q(-5)?
-5
Let h be (4/(-6))/((-46)/(-69)). Let w(u) = 2*u**2 - 9*u**3 - 6*u**3 + u + u**3. Calculate w(h).
15
Let c(j) = -j**3 - j**2 - 3*j. Let b(d) = d**3 + 11*d**2 - 6*d + 11. Let u(z) = b(z) + 2*c(z). Give u(8).
-21
Let c(x) be the first derivative of 5*x**2/2 + 24. What is c(4)?
20
Let a be (4/(-5))/((-4)/10). Suppose 0 = 213*p - 205*p - 184. Let k(s) = -s + 23 - p + 7*s**a. Determine k(1).
6
Suppose -4*h - h + 3*w - 3 = 0, 5*w = 3*h - 11. Let s(z) = 5*z**2 - 2*z + 1. Let p be s(1). Let i(l) = l**2 - 3*l - 4 - 2*l + l**2 - p*l**2. What is i(h)?
-7
Let b(w) be the second derivative of w**3/6 - 7*w**2 - 352*w. What is b(-11)?
-25
Let v(c) = -c**2 + 7*c - 2. Suppose -22 = 3*t + 2*a, 3*a + 7 = -3*t + 4*a. Let l be 2/2 - (3 + t). Suppose -l*g = -2*w + 8, 0 = -5*g - 3 + 13. Give v(w).
4
Let l = -10 - -15. Let a(b) = -3*b + 0*b + 2 + b - l + b**2. Let d = 559 - 562. Determine a(d).
12
Let d(h) = -2*h - 6. Let x be d(-4). Let k(s) = -x - s**2 + 0*s + s + 4*s. Suppose 3*a = -2*a + 25. What is k(a)?
-2
Let n(a) = a**2 - a - 5. Suppose 104*u - 104 = 130*u. Give n(u).
15
Let z(a) = -12*a**2 + 138 - a**3 - 54 - 56 - 43 + 10*a. Give z(-13).
24
Let l(p) be the first derivative of 4*p**2 - 5. What is l(-1)?
-8
Let z = -14 + 17. Suppose z*c - 20 = c. Let i(j) = 11*j - c*j + 3 + 4*j. Give i(-2).
-7
Suppose 0 = -n + 4, -y = -3*n + 13 - 0. Let w(m) = -5*m. Give w(y).
5
Let z be (-3)/((-108)/8) + (-25)/(-9). Suppose -z*x - 12 = -0*x. Let g(u) = -u**2 - 5*u - 4. Give g(x).
0
Let a(h) = 5*h**3 - 2*h**2 - h - 3. Suppose 2*g = 4*l - 4, 4 = 2*l - 6. Let d(k) = 15*k**3 - 6*k**2 - 3*k - 8. Let n(q) = g*a(q) - 3*d(q). Determine n(-1).
6
Let k(j) be the second derivative of -j**5/20 - j**4/3 + j**3/6 + j**2 + 197*j. Give k(-5).
22
Let y = 3 - 1. Let o(b) = -21*b + 45. Let f(n) = -7*n + 13. Let v(h) = 7*f(h) - 2*o(h). Give v(y).
-13
Let z be 1/6 + 625/30. Let m = z + -26. Let b(l) = -3*l - 2*l - 5 - l**3 + 0 - 6*l**2. What is b(m)?
-5
Let q(g) = -g - 10. Let k(i) = -2*i + 2. Let c be k(6). Let h be (7 + c)/(1/(-9)). Suppose w - 4*o - h = 6*w, 4*w + o + 26 = 0. What is q(w)?
-3
Let x(w) = -w**3 + 2*w**2 + 6*w - 16. Let s be x(-3). Let q(g) = g**2 - 11*g + 7. Calculate q(s).
7
Let z be ((-11)/(-231))/((-160)/(-28)). Let o(b) be the third derivative of 0 + 3*b**2 + 0*b - 1/12*b**4 - 2/3*b**3 + 1/15*b**5 - z*b**6. Calculate o(3).